 prime factors of j?
3, 7
What are the prime factors of (-20 - 209)/(-1 + 0)?
229
Suppose 235*p = 238*p - 1026. What are the prime factors of p?
2, 3, 19
Suppose -6 = -i - 5*j - 0, 1 = -j. Let z(x) = 2*x - 2 - x + i. What are the prime factors of z(8)?
17
Suppose 10 + 0 = 2*k. Let h be (6/(-3))/((-2)/k). Suppose -6 - 11 = -h*t - 3*l, 2*l + 18 = 4*t. What are the prime factors of t?
2
Suppose 2*w + 10 = w + 5*a, -4*w = -2*a - 14. Suppose w*p - 2 - 8 = 0. Suppose s - i + 1 = p, 3*s + 1 = 4*i. List the prime factors of s.
5
Let x(b) = 111*b + 6. List the prime factors of x(2).
2, 3, 19
Suppose -2*b = f + b - 31, 4*f - 59 = b. Let n be (-2 + 1)/((-4)/f). Let d = 7 + n. List the prime factors of d.
11
Let l(y) = 5*y - 4. Let w(u) = -u**2 - 3*u + 4. Let d be w(-3). List the prime factors of l(d).
2
Let n(v) = 4*v**2 - 2*v + 1. Let c be n(1). Suppose -11 = -x - c. Let t = x - -5. What are the prime factors of t?
13
Suppose -3*c = -15 - 9. Let t = c + -4. List the prime factors of t.
2
Let z = 16 + -5. List the prime factors of 1/2*(z - -5).
2
Let r = 702 + -420. List the prime factors of r.
2, 3, 47
Suppose 0 = -4*l + 4*a + 16, -l + 2*a + 4 - 1 = 0. Suppose -3*p + 31 = -l*m, -m = -0*p - 2*p + 9. What are the prime factors of p?
2
Let z be 70 + 0*(-3)/9. Suppose 5 = -3*v + 2*w + 51, 5*v - 5*w - z = 0. What are the prime factors of v?
2, 3
Let j(r) = 0 - 3*r - 1 + 5*r. Let o be j(-5). Let m = 27 + o. List the prime factors of m.
2
Let k = 355 - 66. What are the prime factors of k?
17
Let t = 5 - 3. Let y be 6 - -1*t/1. List the prime factors of (-2)/8 + 34/y.
2
Let b be 9/(-2)*6/9. Let d(r) = r**2 - 4*r - 4. What are the prime factors of d(b)?
17
List the prime factors of ((-4)/6)/(6/(-432)).
2, 3
Suppose -2*o + 6*o = 92. List the prime factors of o.
23
Suppose 3*h - 40 = 7*h + 4*x, 2*x = h + 10. Suppose 0 = 2*n + 2, 0*n + 23 = i - n. Let c = h + i. List the prime factors of c.
2, 3
Let v(i) = i + 68. Let j be v(0). Let f = j - 33. What are the prime factors of f?
5, 7
Suppose 2 = -o + 1, -o + 170 = 3*y. What are the prime factors of y?
3, 19
Let k = -200 + 284. List the prime factors of k.
2, 3, 7
Suppose -9 = -3*p, 5*r + 0*r + 2 = 4*p. Suppose -2*v + 0*v = r*m + 524, 0 = -5*m + 2*v - 1331. What are the prime factors of 4/(-6) + m/(-15)?
17
Suppose -5*q + 64 = u, 2*u + 4*q - 163 = -29. What are the prime factors of u?
3, 23
Let j = -17 - -19. Suppose -j*b - 14 + 52 = 0. What are the prime factors of b?
19
Suppose 0*c - 5*c + 10 = 0. Let a = 5 - c. Suppose a*b - 17 = -0*b - 2*h, -5*h + 18 = 4*b. List the prime factors of b.
7
Suppose j + 0*j = 5. Suppose 0 = j*v - 3*v - 76. What are the prime factors of 4/(8/v) - -2?
3, 7
Let u = 9 - 1. Suppose 0 = u*i - 10*i + 92. List the prime factors of i.
2, 23
Let x(o) = 111*o - 4. What are the prime factors of x(1)?
107
Let r(q) = q + 1. Let m(p) = -p**2 + 3*p + 10. Let l(y) = -m(y) + 5*r(y). Suppose -9 = 2*s - 1. What are the prime factors of l(s)?
3
Let g = -1 - -3. Suppose 2*t + g*t - 45 = 5*h, -2*h - 52 = -5*t. List the prime factors of t.
2, 5
Let b be ((-28)/(-10))/(1/(-15)). Suppose 3*f = 4*c + 124, -6*f + 2*f + 16 = 0. Let g = c - b. What are the prime factors of g?
2, 7
Let b be (7 + 1)*24/16. What are the prime factors of (-6)/((b/(-10))/3)?
3, 5
Suppose -4*y + 192 = -0*y + 4*k, y = -2*k + 50. What are the prime factors of y?
2, 23
Let y(m) = -5*m + 6. What are the prime factors of y(-9)?
3, 17
Let z(k) = -k**2 - 1. Let v(b) = b**3 - 7*b**2 + 6*b - 8. Let a(o) = v(o) - 2*z(o). Let y be a(4). What are the prime factors of (-16)/(-4)*y/4?
2
Let o(k) = k**3 + 4*k**2 - 7*k - 5. Let p be o(-4). Suppose 2*x = -3*x - 80. Let s = x + p. What are the prime factors of s?
7
Let w(g) = g**3 - 4*g**2 + 5*g - 3. Let t be w(3). Let y(a) = 7*a + 3. List the prime factors of y(t).
2, 3
Let w(b) = -b**2 + 8*b - 6. Suppose 3*z = 2*z + 5. What are the prime factors of w(z)?
3
Let f(s) = s**3 + 4*s**2 - 3. Suppose 10 = -2*g + 4. Let v be f(g). List the prime factors of 56/v - (-2)/3.
2, 5
Let y(b) = 4*b - 6. Let g be y(-6). Let a = g + -4. List the prime factors of (-1)/4 - a/8.
2
Suppose -5*v - 31 - 49 = 0. Let b = v - -28. List the prime factors of b.
2, 3
What are the prime factors of 5*(4 - 1404/(-30))?
2, 127
Suppose -t = t - 14. Suppose -t = -2*y + 9. List the prime factors of y.
2
Suppose 3 = -2*b + 3*a, -b = 3*b - 3*a + 3. List the prime factors of 15 + (b/(-2))/(-3).
3, 5
Suppose -5*z + 0*z = 0. Let i = z - -2. Let n = i + 6. List the prime factors of n.
2
Suppose 28*u + 51 = 29*u. What are the prime factors of u?
3, 17
Suppose -10*b = -3*b - 210. List the prime factors of b.
2, 3, 5
Let u = -25 + 45. Suppose -u - 45 = -5*i. What are the prime factors of i?
13
Let w be (1 - -5)/((-5)/(-10)). Suppose -5*t + 8 + w = 0. List the prime factors of t.
2
Suppose -t = 4*d - 42, -3 - 1 = 2*t. What are the prime factors of d?
11
Let k = -14 - -16. Suppose -2*m + y = -m + 35, -25 = -5*y. What are the prime factors of (9/(-15))/(k/m)?
3
What are the prime factors of ((-9)/3 - -1)/6*-294?
2, 7
Suppose 2*l - 5*s + 0*s = -8, 3*l + 4*s = 34. Suppose 2*g + 4*i = 24, -2*i = -3*g - l*i + 38. List the prime factors of g.
2, 7
Let m(c) = -8*c**3 - 3*c**2 - 4*c - 10. What are the prime factors of m(-3)?
191
Let t = -3 + 2. Let b be (t/(-2))/((-8)/(-32)). Suppose -40 = -5*p + 5*c, -7*p = -b*p + c - 58. List the prime factors of p.
11
Let g = 6 - 4. Suppose g*c + 13 = 3. List the prime factors of (-8)/(-5)*c/(-2).
2
Suppose s + 0*z + 54 = -5*z, -3*z = 5*s + 182. Let n = 63 + s. What are the prime factors of n?
29
Let f(w) = -2*w**2 + 2*w + 3. Let u(n) = 2*n**2 - 3*n - 4. Let t(h) = -5*f(h) - 4*u(h). Let b = 5 - 7. What are the prime factors of t(b)?
5
Let d be (-32 - 6) + 0/1. Let p = -16 - d. What are the prime factors of p?
2, 11
Let i = -11 - -11. Suppose i = -3*t + 51 + 75. What are the prime factors of t?
2, 3, 7
Let i(v) be the first derivative of -v**4/4 - 10*v**3/3 + 4*v**2 - 14*v - 3. What are the prime factors of i(-11)?
19
Suppose -f + 2*m = -13, -3*m = -4 + 19. Suppose -f*j = -12, 0 = q - 5*q - j + 164. Let y = q + -24. List the prime factors of y.
2
Suppose k - o = 15, 6*k + 4*o - 60 = 2*k. Let r = k + -10. List the prime factors of r.
5
Let l(d) = 3*d**2 + d - 11. What are the prime factors of l(-6)?
7, 13
Let f(x) be the first derivative of x**3 - x**2/2 - 2*x - 1. Let p = -2 + 4. What are the prime factors of f(p)?
2
Let o be (-6)/9 + 33/9. Suppose -o*m + m + 18 = 0. List the prime factors of m.
3
What are the prime factors of ((-64)/(-6))/((-3)/(-18))?
2
Suppose 0 = b - 1 + 19. Let h be (2/4)/((-3)/b). Suppose h - 45 = -3*r. What are the prime factors of r?
2, 7
Suppose g = -2*g + 33. Let b = 4 + g. List the prime factors of b.
3, 5
Let o = 16 - 11. Let q = o - -2. List the prime factors of q.
7
Suppose -c = k - 57, 5*c + 3*k - 436 = -151. List the prime factors of c.
3, 19
Suppose -j = -3 - 1, -26 = -3*z - 5*j. Suppose -r - 6 = -3*r. Suppose 3*t - r = z*t. List the prime factors of t.
3
Let b be (1/1)/(1/(-3)). Let m be ((-2)/b)/(6/18). List the prime factors of 1/m + 75/10.
2
Let q(i) = -i**3 + 3*i**2 + 10*i + 4. List the prime factors of q(-4).
2, 19
Let d(o) = 4*o**2 + o + 1. Let x be d(-1). Suppose 4*j - 5*j - l - 3 = 0, 2*j - l = 6. Let w = x - j. List the prime factors of w.
3
Suppose 10*q = 3*q + 1624. List the prime factors of q.
2, 29
Suppose -25*s - 252 = -28*s. What are the prime factors of s?
2, 3, 7
Let j = -1 - -2. Suppose 0 = -2*m + 5*a + 21, 9 = 2*m - 4*m - a. Let b = j - m. What are the prime factors of b?
3
Let h(s) be the first derivative of -11*s**4/4 - s**3/3 - s**2/2 + 2. What are the prime factors of h(-1)?
11
Let f = 147 + -50. Suppose f + 15 = 4*q. What are the prime factors of (q/35)/((-2)/(-10))?
2
Suppose 0 = -r - 0*r + 4. Suppose -2*f - 2 = 4*v, -4*f + 3*f - r = 5*v. Suppose -l + 14 = 2*b, 4*l - f = -4*b + 19. List the prime factors of b.
3
Let x be -2 + (6 - 2 - 9). Suppose 29 = -5*n - 5*u - 6, 4*n + 55 = 5*u. Let w = x - n. List the prime factors of w.
3
Suppose -170 = -4*f - f. What are the prime factors of f?
2, 17
Let o be 3/6*-101*2. Let y = -61 - o. What are the prime factors of y?
2, 5
Let k be (1 - 0)/((-3)/9). Let q(s) = 2*s**2 + 3*s + 2. List the prime factors of q(k).
11
Let